{"id":17274,"date":"2024-12-22T23:15:28","date_gmt":"2024-12-22T22:15:28","guid":{"rendered":"https:\/\/handbag-sense.com\/?post_type=product&#038;p=17274"},"modified":"2025-06-20T15:17:45","modified_gmt":"2025-06-20T13:17:45","slug":"hermes-birkin-35-togo-negro","status":"publish","type":"product","link":"https:\/\/handbag-sense.com\/es\/producto\/hermes-birkin-35-togo-negro\/","title":{"rendered":"Birkin 35 Togo Negro"},"content":{"rendered":"<div class=\"c-columns-m-1 c-columns-2 c-columns-gap-s\">\n<div><strong>Material:<\/strong> Cuero Togo<br \/>\n<strong>Color:<\/strong> Negro<br \/>\n<strong>Elementos met\u00e1licos:<\/strong> Dorado Herrajes<br \/>\n<strong>Material interior:<\/strong> Cuero<\/div>\n<div><strong>Grado: <\/strong>1 <img decoding=\"async\" class=\"info_box alignnone size-medium wp-image-885\" title=\"Informaci\u00f3n\" role=\"img\" src=\"https:\/\/handbag-sense.com\/wp-content\/uploads\/2023\/05\/info_icon.svg\" alt=\"Cuadro de informaci\u00f3n\" width=\"15\" height=\"15\" \/><br \/>\n<strong>A\u00f1o de producci\u00f3n \/ Sello:<\/strong> 2013 \/ Q<br \/>\n<strong>Tama\u00f1o: <\/strong>35 x 25 x 18 cm<br \/>\n<strong>Env\u00edo:<\/strong> A todo el mundo<\/div>\n<\/div>\n<p><strong>Incluye:<\/strong> Factura, bolsa guardapolvo, clochette, llaves, cerradura, fieltro, cuadernillo, caja<\/p>\n","protected":false},"excerpt":{"rendered":"<p data-start=\"1347\" data-end=\"1437\"><strong data-start=\"1356\" data-end=\"1437\">Herm\u00e8s Birkin 35 Togo negro con herrajes dorados \u2013 estado nuevo y sin usar (2013). <\/strong>Un \u00edcono absoluto de la elegancia atemporal: la <strong data-start=\"1487\" data-end=\"1507\">Herm\u00e8s Birkin 35<\/strong> en <strong data-start=\"1511\" data-end=\"1531\">cuero Togo negro<\/strong> con <strong data-start=\"1536\" data-end=\"1556\">herrajes dorados <\/strong>representa la m\u00e1xima expresi\u00f3n del lujo y la artesan\u00eda francesa. Elaborada a mano con cuero Togo de grano fino, esta pieza combina dise\u00f1o cl\u00e1sico con funcionalidad moderna.<\/p>\n<p class=\"\" data-start=\"1731\" data-end=\"2076\">El tono negro profundo se complementa a la perfecci\u00f3n con el brillo c\u00e1lido de los <strong data-start=\"1813\" data-end=\"1833\">herrajes dorados<\/strong>, convirti\u00e9ndola en el accesorio ideal tanto para eventos elegantes como para el d\u00eda a d\u00eda. Con sus 35 cm, esta Birkin ofrece amplitud sin perder sofisticaci\u00f3n \u2013 perfecta tanto para coleccionistas como para quienes adquieren su primera Herm\u00e8s.<\/p>\n<p class=\"\" data-start=\"2078\" data-end=\"2148\">Esta <strong data-start=\"2083\" data-end=\"2136\">Birkin 35 est\u00e1 completamente nueva y sin estrenar<\/strong>, e incluye: <strong>clochette, c<\/strong><strong data-start=\"2169\" data-end=\"2195\">andado con dos llaves, b<\/strong><strong data-start=\"2200\" data-end=\"2228\">olsa guardapolvo Herm\u00e8s, c<\/strong><strong data-start=\"2233\" data-end=\"2257\">aja naranja ic\u00f3nica, f<\/strong><strong data-start=\"2262\" data-end=\"2299\">actura original de Herm\u00e8s (2013)<\/strong><\/p>\n<p class=\"\" data-start=\"2301\" data-end=\"2419\">La <strong data-start=\"2304\" data-end=\"2330\">Herm\u00e8s Birkin en negro<\/strong> no es solo un bolso: es una inversi\u00f3n, una pieza legendaria y una declaraci\u00f3n de estilo.<\/p>\n<p>&nbsp;<\/p>\n","protected":false},"featured_media":18299,"template":"","meta":[],"product_brand":[2433],"product_cat":[1813],"product_tag":[1993,1892,1895,1893],"class_list":{"0":"post-17274","1":"product","2":"type-product","3":"status-publish","4":"has-post-thumbnail","6":"product_brand-hermes-es","7":"product_cat-bolso","8":"product_tag-birkin-35-negro","9":"product_tag-birkin-35-togo-es","10":"product_tag-bolso-birkin-hermes","11":"product_tag-hermes-birkin-35-es","12":"pa_brand-hermes-es","13":"pa_color-negro","14":"pa_grade-grado-1","15":"pa_hermes-models-birkin-es","16":"pa_material-cuero","18":"first","19":"outofstock","20":"sold-individually","21":"purchasable","22":"product-type-simple"},"_links":{"self":[{"href":"https:\/\/handbag-sense.com\/es\/wp-json\/wp\/v2\/product\/17274","targetHints":{"allow":["GET"]}}],"collection":[{"href":"https:\/\/handbag-sense.com\/es\/wp-json\/wp\/v2\/product"}],"about":[{"href":"https:\/\/handbag-sense.com\/es\/wp-json\/wp\/v2\/types\/product"}],"wp:featuredmedia":[{"embeddable":true,"href":"https:\/\/handbag-sense.com\/es\/wp-json\/wp\/v2\/media\/18299"}],"wp:attachment":[{"href":"https:\/\/handbag-sense.com\/es\/wp-json\/wp\/v2\/media?parent=17274"}],"wp:term":[{"taxonomy":"product_brand","embeddable":true,"href":"https:\/\/handbag-sense.com\/es\/wp-json\/wp\/v2\/product_brand?post=17274"},{"taxonomy":"product_cat","embeddable":true,"href":"https:\/\/handbag-sense.com\/es\/wp-json\/wp\/v2\/product_cat?post=17274"},{"taxonomy":"product_tag","embeddable":true,"href":"https:\/\/handbag-sense.com\/es\/wp-json\/wp\/v2\/product_tag?post=17274"}],"curies":[{"name":"wp","href":"https:\/\/api.w.org\/{rel}","templated":true}]}}

<div class="c-columns-m-1 c-columns-2 c-columns-gap-s">
<div><strong>Material:</strong> Cuero Togo<br />
<strong>Color:</strong> Negro<br />
<strong>Elementos metálicos:</strong> Dorado Herrajes<br />
<strong>Material interior:</strong> Cuero</div>
<div><strong>Grado: </strong>1 <img decoding="async" class="info_box alignnone size-medium wp-image-885" title="Información" role="img" src="https://handbag-sense.com/wp-content/uploads/2023/05/info_icon.svg" alt="Cuadro de información" width="15" height="15" /><br />
<strong>Año de producción / Sello:</strong> 2013 / Q<br />
<strong>Tamaño: </strong>35 x 25 x 18 cm<br />
<strong>Envío:</strong> A todo el mundo</div>
</div>
<p><strong>Incluye:</strong> Factura, bolsa guardapolvo, clochette, llaves, cerradura, fieltro, cuadernillo, caja</p>

<p data-start="1347" data-end="1437"><strong data-start="1356" data-end="1437">Hermès Birkin 35 Togo negro con herrajes dorados – estado nuevo y sin usar (2013). </strong>Un ícono absoluto de la elegancia atemporal: la <strong data-start="1487" data-end="1507">Hermès Birkin 35</strong> en <strong data-start="1511" data-end="1531">cuero Togo negro</strong> con <strong data-start="1536" data-end="1556">herrajes dorados </strong>representa la máxima expresión del lujo y la artesanía francesa. Elaborada a mano con cuero Togo de grano fino, esta pieza combina diseño clásico con funcionalidad moderna.</p>
<p class="" data-start="1731" data-end="2076">El tono negro profundo se complementa a la perfección con el brillo cálido de los <strong data-start="1813" data-end="1833">herrajes dorados</strong>, convirtiéndola en el accesorio ideal tanto para eventos elegantes como para el día a día. Con sus 35 cm, esta Birkin ofrece amplitud sin perder sofisticación – perfecta tanto para coleccionistas como para quienes adquieren su primera Hermès.</p>
<p class="" data-start="2078" data-end="2148">Esta <strong data-start="2083" data-end="2136">Birkin 35 está completamente nueva y sin estrenar</strong>, e incluye: <strong>clochette, c</strong><strong data-start="2169" data-end="2195">andado con dos llaves, b</strong><strong data-start="2200" data-end="2228">olsa guardapolvo Hermès, c</strong><strong data-start="2233" data-end="2257">aja naranja icónica, f</strong><strong data-start="2262" data-end="2299">actura original de Hermès (2013)</strong></p>
<p class="" data-start="2301" data-end="2419">La <strong data-start="2304" data-end="2330">Hermès Birkin en negro</strong> no es solo un bolso: es una inversión, una pieza legendaria y una declaración de estilo.</p>
<p>&nbsp;</p>
