{"id":17206,"date":"2024-12-14T00:52:27","date_gmt":"2024-12-13T23:52:27","guid":{"rendered":"https:\/\/handbag-sense.com\/?post_type=product&#038;p=17206"},"modified":"2025-06-20T15:18:02","modified_gmt":"2025-06-20T13:18:02","slug":"van-cleef-arpels-vintage-alhambra-pendientes-onix","status":"publish","type":"product","link":"https:\/\/handbag-sense.com\/es\/producto\/van-cleef-arpels-vintage-alhambra-pendientes-onix\/","title":{"rendered":"Pendientes Alhambra Vintage Onyx"},"content":{"rendered":"<div class=\"c-columns-m-1 c-columns-2 c-columns-gap-s\">\n<div><strong>Color:<\/strong> Elementos Black<br \/>\n<strong>Metal:<\/strong> Oro amarillo<\/div>\n<div><strong>Grado:<\/strong> 2 <img decoding=\"async\" class=\"info_box alignnone size-medium wp-image-885\" title=\"Informaci\u00f3n\" role=\"img\" src=\"https:\/\/handbag-sense.com\/wp-content\/uploads\/2023\/05\/info_icon.svg\" alt=\"Cuadro de informaci\u00f3n\" width=\"15\" height=\"15\"><br \/>\n<strong>Tama\u00f1o:<\/strong> 15 mm<\/div>\n<\/div>\n<p><strong>Incluye:<\/strong> Recibo original, certificado<\/p>\n","protected":false},"excerpt":{"rendered":"<p><strong>Van Cleef &amp; Arpels Pendientes Alhambra Vintage \u00d3nix Oro Amarillo.<\/strong>  Estos exquisitos pendientes Vintage Alhambra de Van Cleef &amp; Arpels combinan una elegancia atemporal con una artesan\u00eda magistral. Fabricados en oro amarillo de 18 quilates y adornados con dos piedras de \u00f3nix \u00fanicas, irradian sofisticaci\u00f3n cl\u00e1sica. Cada piedra de \u00f3nix es \u00fanica en su tipo, caracterizada por variaciones de color naturales y propiedades individuales.  <\/p>\n<p>Los pendientes presentan un dise\u00f1o de clip en la parte posterior con un poste de oro amarillo extra\u00edble, que se puede agregar o quitar en la boutique para garantizar una comodidad de uso \u00f3ptima.<\/p>\n<p>Su estado como nuevo, junto con la factura y el certificado originales de 2023, ponen de manifiesto la exclusividad de esta joya, lo que la convierte en un valioso complemento para cualquier colecci\u00f3n.<\/p>\n","protected":false},"featured_media":17007,"template":"","meta":[],"product_brand":[2443],"product_cat":[1822,1853],"product_tag":[2327],"class_list":{"0":"post-17206","1":"product","2":"type-product","3":"status-publish","4":"has-post-thumbnail","6":"product_brand-van-cleef-arpels-es","7":"product_cat-accesorio","8":"product_cat-joyeria","9":"product_tag-pendientes-van-cleef-arpels-vintage-alhambra","10":"pa_brand-van-cleef-arpels-es","11":"pa_color-negro","12":"pa_grade-grado-2","14":"first","15":"outofstock","16":"shipping-taxable","17":"product-type-simple"},"_links":{"self":[{"href":"https:\/\/handbag-sense.com\/es\/wp-json\/wp\/v2\/product\/17206","targetHints":{"allow":["GET"]}}],"collection":[{"href":"https:\/\/handbag-sense.com\/es\/wp-json\/wp\/v2\/product"}],"about":[{"href":"https:\/\/handbag-sense.com\/es\/wp-json\/wp\/v2\/types\/product"}],"wp:featuredmedia":[{"embeddable":true,"href":"https:\/\/handbag-sense.com\/es\/wp-json\/wp\/v2\/media\/17007"}],"wp:attachment":[{"href":"https:\/\/handbag-sense.com\/es\/wp-json\/wp\/v2\/media?parent=17206"}],"wp:term":[{"taxonomy":"product_brand","embeddable":true,"href":"https:\/\/handbag-sense.com\/es\/wp-json\/wp\/v2\/product_brand?post=17206"},{"taxonomy":"product_cat","embeddable":true,"href":"https:\/\/handbag-sense.com\/es\/wp-json\/wp\/v2\/product_cat?post=17206"},{"taxonomy":"product_tag","embeddable":true,"href":"https:\/\/handbag-sense.com\/es\/wp-json\/wp\/v2\/product_tag?post=17206"}],"curies":[{"name":"wp","href":"https:\/\/api.w.org\/{rel}","templated":true}]}}

<div class="c-columns-m-1 c-columns-2 c-columns-gap-s">
<div><strong>Color:</strong> Elementos Black<br />
<strong>Metal:</strong> Oro amarillo</div>
<div><strong>Grado:</strong> 2 <img decoding="async" class="info_box alignnone size-medium wp-image-885" title="Información" role="img" src="https://handbag-sense.com/wp-content/uploads/2023/05/info_icon.svg" alt="Cuadro de información" width="15" height="15"><br />
<strong>Tamaño:</strong> 15 mm</div>
</div>
<p><strong>Incluye:</strong> Recibo original, certificado</p>

<p><strong>Van Cleef &amp; Arpels Pendientes Alhambra Vintage Ónix Oro Amarillo.</strong>  Estos exquisitos pendientes Vintage Alhambra de Van Cleef &amp; Arpels combinan una elegancia atemporal con una artesanía magistral. Fabricados en oro amarillo de 18 quilates y adornados con dos piedras de ónix únicas, irradian sofisticación clásica. Cada piedra de ónix es única en su tipo, caracterizada por variaciones de color naturales y propiedades individuales.  </p>
<p>Los pendientes presentan un diseño de clip en la parte posterior con un poste de oro amarillo extraíble, que se puede agregar o quitar en la boutique para garantizar una comodidad de uso óptima.</p>
<p>Su estado como nuevo, junto con la factura y el certificado originales de 2023, ponen de manifiesto la exclusividad de esta joya, lo que la convierte en un valioso complemento para cualquier colección.</p>
