{"id":10563,"date":"2024-03-20T12:58:41","date_gmt":"2024-03-20T11:58:41","guid":{"rendered":"https:\/\/handbag-sense.com\/product\/bolsa-cabavertige-24\/"},"modified":"2025-06-20T15:43:50","modified_gmt":"2025-06-20T13:43:50","slug":"bolsa-cabavertige-24","status":"publish","type":"product","link":"https:\/\/handbag-sense.com\/es\/producto\/bolsa-cabavertige-24\/","title":{"rendered":"Bolsa Cabavertige 24"},"content":{"rendered":"<div class=\"c-columns-m-1 c-columns-2 c-columns-gap-s\">\n<div><strong>Material:<\/strong> Cuero Swift<br \/>\n<strong>Color:<\/strong>Etoupe<br \/>\n<strong>Elementos met\u00e1licos:<\/strong> Herrajes de paladio<br \/>\n<strong>Material interior:<\/strong> Cuero<\/div>\n<div><strong>Grado:<\/strong> 1 <img decoding=\"async\" class=\"info_box alignnone size-medium wp-image-885\" title=\"Informaci\u00f3n\" role=\"img\" src=\"https:\/\/handbag-sense.com\/wp-content\/uploads\/2023\/05\/info_icon.svg\" alt=\"Cuadro de informaci\u00f3n\" width=\"15\" height=\"15\" \/><br \/>\n<strong>A\u00f1o de producci\u00f3n\/Sello:<\/strong> 2022 \/ U<br \/>\n<strong>Tama\u00f1o:<\/strong> 24 x 15 cm 1 cm<br \/>\n<strong>Naviero:<\/strong> Mundial<\/div>\n<\/div>\n<p><strong>Incluye:<\/strong> Recibo original, fieltro, caja<\/p>\n","protected":false},"excerpt":{"rendered":"<p><strong>Bolsa Cabavertige 24.<\/strong> Esta ri\u00f1onera Elan Pocket 24 est\u00e1 confeccionada en piel de becerro Swift y se completa con un cierre de paladio. Dise\u00f1ada tanto para el viajero moderno como para el individuo com\u00fan, la <strong>bolsa Cabavertige 24<\/strong> es su accesorio de referencia para la comodidad y el estilo.<\/p>\n<p>&nbsp;<\/p>\n<div class=\"special-button\"><\/div>\n<p>&nbsp;<\/p>\n","protected":false},"featured_media":10587,"template":"","meta":[],"product_brand":[2433],"product_cat":[1813,1818,1887],"product_tag":[2026],"class_list":{"0":"post-10563","1":"product","2":"type-product","3":"status-publish","4":"has-post-thumbnail","6":"product_brand-hermes-es","7":"product_cat-bolso","8":"product_cat-bolso-pequeno","9":"product_cat-cinturon","10":"product_tag-cinturon-de-bolsillo-hermes-elan","11":"pa_brand-hermes-es","12":"pa_color-negro","13":"pa_color-azul","14":"pa_color-gris","15":"pa_grade-grado-1","16":"pa_hermes-models-otros-modelos","17":"pa_material-cuero","19":"first","20":"instock","21":"shipping-taxable","22":"purchasable","23":"product-type-simple"},"_links":{"self":[{"href":"https:\/\/handbag-sense.com\/es\/wp-json\/wp\/v2\/product\/10563","targetHints":{"allow":["GET"]}}],"collection":[{"href":"https:\/\/handbag-sense.com\/es\/wp-json\/wp\/v2\/product"}],"about":[{"href":"https:\/\/handbag-sense.com\/es\/wp-json\/wp\/v2\/types\/product"}],"wp:featuredmedia":[{"embeddable":true,"href":"https:\/\/handbag-sense.com\/es\/wp-json\/wp\/v2\/media\/10587"}],"wp:attachment":[{"href":"https:\/\/handbag-sense.com\/es\/wp-json\/wp\/v2\/media?parent=10563"}],"wp:term":[{"taxonomy":"product_brand","embeddable":true,"href":"https:\/\/handbag-sense.com\/es\/wp-json\/wp\/v2\/product_brand?post=10563"},{"taxonomy":"product_cat","embeddable":true,"href":"https:\/\/handbag-sense.com\/es\/wp-json\/wp\/v2\/product_cat?post=10563"},{"taxonomy":"product_tag","embeddable":true,"href":"https:\/\/handbag-sense.com\/es\/wp-json\/wp\/v2\/product_tag?post=10563"}],"curies":[{"name":"wp","href":"https:\/\/api.w.org\/{rel}","templated":true}]}}

<div class="c-columns-m-1 c-columns-2 c-columns-gap-s">
<div><strong>Material:</strong> Cuero Swift<br />
<strong>Color:</strong>Etoupe<br />
<strong>Elementos metálicos:</strong> Herrajes de paladio<br />
<strong>Material interior:</strong> Cuero</div>
<div><strong>Grado:</strong> 1 <img decoding="async" class="info_box alignnone size-medium wp-image-885" title="Información" role="img" src="https://handbag-sense.com/wp-content/uploads/2023/05/info_icon.svg" alt="Cuadro de información" width="15" height="15" /><br />
<strong>Año de producción/Sello:</strong> 2022 / U<br />
<strong>Tamaño:</strong> 24 x 15 cm 1 cm<br />
<strong>Naviero:</strong> Mundial</div>
</div>
<p><strong>Incluye:</strong> Recibo original, fieltro, caja</p>

<p><strong>Bolsa Cabavertige 24.</strong> Esta riñonera Elan Pocket 24 está confeccionada en piel de becerro Swift y se completa con un cierre de paladio. Diseñada tanto para el viajero moderno como para el individuo común, la <strong>bolsa Cabavertige 24</strong> es su accesorio de referencia para la comodidad y el estilo.</p>
<p>&nbsp;</p>
<div class="special-button"></div>
<p>&nbsp;</p>
