{"id":10073,"date":"2023-11-01T17:30:15","date_gmt":"2023-11-01T16:30:15","guid":{"rendered":"https:\/\/handbag-sense.com\/product\/kelly-mini-box-negro\/"},"modified":"2025-06-20T15:57:26","modified_gmt":"2025-06-20T13:57:26","slug":"kelly-mini-box-negro","status":"publish","type":"product","link":"https:\/\/handbag-sense.com\/es\/producto\/kelly-mini-box-negro\/","title":{"rendered":"Kelly Mini Box Negro"},"content":{"rendered":"<div class=\"c-columns-m-1 c-columns-2 c-columns-gap-s\">\n<div><strong>Material:<\/strong> Cuero de caja<br \/>\n<strong>Color:<\/strong> <strong> <\/strong>negro<br \/>\n<strong>Elementos met\u00e1licos:<\/strong> Herrajes de oro<br \/>\n<strong>Material interior:<\/strong> Cuero<\/div>\n<div><strong>Grado:<\/strong> 1  <img decoding=\"async\" class=\"info_box alignnone size-medium wp-image-885\" title=\"Informaci\u00f3n\" role=\"img\" src=\"https:\/\/handbag-sense.com\/wp-content\/uploads\/2023\/05\/info_icon.svg\" alt=\"Cuadro de informaci\u00f3n\" width=\"15\" height=\"15\"><br \/>\n<strong>Tama\u00f1o:<\/strong> 20 x 12 x 6 cm<br \/>\n<strong>A\u00f1o de producci\u00f3n \/ Sello:<\/strong> 2022 \/ U<br \/>\n<strong>Naviero:<\/strong> Mundial<\/div>\n<\/div>\n","protected":false},"excerpt":{"rendered":"<p><strong>Herm\u00e8s Kelly Mini Box oro negro HW<\/strong>. Este raro Mini Kelly II en estilo Sellier en color negro es un punto de atracci\u00f3n absoluto. El bolso es completamente nuevo, hecho de cuero Box con herrajes dorados y tiene costuras tonales, un cierre frontal, un solo asa y una correa de hombro extra\u00edble. El interior est\u00e1 forrado en cuero y tiene un bolsillo abierto en la pared trasera. El hermoso mini bolso Kelly de <strong>Herm\u00e8s<\/strong> es un icono absoluto entre los bolsos y ha sido sin\u00f3nimo de elegancia y clase durante d\u00e9cadas. Se incluyen una correa para el hombro, una bolsa para el polvo de Herm\u00e8s y la caja naranja. La <strong>bolsa Kelly Mini Box<\/strong> est\u00e1 en perfectas condiciones, se incluye la factura original con fecha de 2022.<\/p>\n","protected":false},"featured_media":10109,"template":"","meta":[],"product_brand":[2433],"product_cat":[1840,1838],"product_tag":[],"class_list":{"0":"post-10073","1":"product","2":"type-product","3":"status-publish","4":"has-post-thumbnail","6":"product_brand-hermes-es","7":"product_cat-clutch-pochette","8":"product_cat-bolso-de-noche","9":"pa_brand-hermes-es","10":"pa_color-verde","11":"pa_grade-grado-1","12":"pa_hermes-models-kelly-es","13":"pa_material-cuero","15":"first","16":"outofstock","17":"sold-individually","18":"shipping-taxable","19":"product-type-simple"},"_links":{"self":[{"href":"https:\/\/handbag-sense.com\/es\/wp-json\/wp\/v2\/product\/10073","targetHints":{"allow":["GET"]}}],"collection":[{"href":"https:\/\/handbag-sense.com\/es\/wp-json\/wp\/v2\/product"}],"about":[{"href":"https:\/\/handbag-sense.com\/es\/wp-json\/wp\/v2\/types\/product"}],"wp:featuredmedia":[{"embeddable":true,"href":"https:\/\/handbag-sense.com\/es\/wp-json\/wp\/v2\/media\/10109"}],"wp:attachment":[{"href":"https:\/\/handbag-sense.com\/es\/wp-json\/wp\/v2\/media?parent=10073"}],"wp:term":[{"taxonomy":"product_brand","embeddable":true,"href":"https:\/\/handbag-sense.com\/es\/wp-json\/wp\/v2\/product_brand?post=10073"},{"taxonomy":"product_cat","embeddable":true,"href":"https:\/\/handbag-sense.com\/es\/wp-json\/wp\/v2\/product_cat?post=10073"},{"taxonomy":"product_tag","embeddable":true,"href":"https:\/\/handbag-sense.com\/es\/wp-json\/wp\/v2\/product_tag?post=10073"}],"curies":[{"name":"wp","href":"https:\/\/api.w.org\/{rel}","templated":true}]}}

<div class="c-columns-m-1 c-columns-2 c-columns-gap-s">
<div><strong>Material:</strong> Cuero de caja<br />
<strong>Color:</strong> <strong> </strong>negro<br />
<strong>Elementos metálicos:</strong> Herrajes de oro<br />
<strong>Material interior:</strong> Cuero</div>
<div><strong>Grado:</strong> 1  <img decoding="async" class="info_box alignnone size-medium wp-image-885" title="Información" role="img" src="https://handbag-sense.com/wp-content/uploads/2023/05/info_icon.svg" alt="Cuadro de información" width="15" height="15"><br />
<strong>Tamaño:</strong> 20 x 12 x 6 cm<br />
<strong>Año de producción / Sello:</strong> 2022 / U<br />
<strong>Naviero:</strong> Mundial</div>
</div>

<p><strong>Hermès Kelly Mini Box oro negro HW</strong>. Este raro Mini Kelly II en estilo Sellier en color negro es un punto de atracción absoluto. El bolso es completamente nuevo, hecho de cuero Box con herrajes dorados y tiene costuras tonales, un cierre frontal, un solo asa y una correa de hombro extraíble. El interior está forrado en cuero y tiene un bolsillo abierto en la pared trasera. El hermoso mini bolso Kelly de <strong>Hermès</strong> es un icono absoluto entre los bolsos y ha sido sinónimo de elegancia y clase durante décadas. Se incluyen una correa para el hombro, una bolsa para el polvo de Hermès y la caja naranja. La <strong>bolsa Kelly Mini Box</strong> está en perfectas condiciones, se incluye la factura original con fecha de 2022.</p>
