{"id":3027,"date":"2023-10-09T16:09:32","date_gmt":"2023-10-09T14:09:32","guid":{"rendered":"https:\/\/handbag-sense.com\/?post_type=product&#038;p=3027"},"modified":"2025-05-06T13:03:22","modified_gmt":"2025-05-06T11:03:22","slug":"chanel-square-mini-flap-pearl-schwarz","status":"publish","type":"product","link":"https:\/\/handbag-sense.com\/de\/produkt\/chanel-square-mini-flap-pearl-schwarz\/","title":{"rendered":"Square Mini Flap Pearl Schwarz"},"content":{"rendered":"<div class=\"c-columns-m-1 c-columns-2 c-columns-gap-s\">\n<div><strong>Material:<\/strong> Lammleder<br \/>\n<strong>Farbe:<\/strong> Schwarz<br \/>\n<strong>Metallelemente:<\/strong> Matt-goldene Hardware<br \/>\n<strong>Innenmaterial:<\/strong> Textilinnenfutter<\/div>\n<div><strong>Grad:<\/strong> 2 <img decoding=\"async\" class=\"info_box alignnone size-medium wp-image-885\" title=\"Info\" role=\"img\" src=\"https:\/\/handbag-sense.com\/wp-content\/uploads\/2023\/05\/info_icon.svg\" alt=\"info box\" width=\"15\" height=\"15\" \/><br \/>\n<strong>Produktionsjahr \/ Seriennummer:<\/strong> 2022-2023, beginnt mit U41\u2026<br \/>\n<strong>Gr\u00f6\u00dfe:<\/strong> 19 x 14 x 7 cm<\/p>\n<div><\/div>\n<div><strong>Condition:<\/strong> Used<\/div>\n<\/div>\n<\/div>\n<p><strong>Beinhaltet:<\/strong> Staubbeutel, Box<\/p>\n","protected":false},"excerpt":{"rendered":"<p><strong>CHANEL Square Mini Flap Pearl schwarz.<\/strong>\u00a0Die Mini Square ist aus Lammleder, verf\u00fcgt \u00fcber einen gewebten Kettenriemen und ein CC-Schloss in matt-goldener Optik. Das Tascheninnere ist aus Leder und ist aufgeteilt in ein Hauptfach mit einem Rei\u00dfverschlussfach. Am Taschenr\u00fccken befindet sich ein weiteres aufgesetztes Steckfach. Die kleine Flap Bag Handtasche kann \u00fcber der Schulter, sowie Crossbody getragen werden. Eine komfortable und kompakte Handtasche, die Chanels klassisches Design verk\u00f6rpert. Die\u00a0<strong>Chanel Mini Flap Pearl<\/strong>\u00a0Tasche ist neu, mit microchip. Die Tasche wird mit Staubbeutel und im Chanel Box geliefert.<\/p>\n","protected":false},"featured_media":2967,"template":"","meta":[],"product_brand":[2417],"product_cat":[347],"product_tag":[],"class_list":{"0":"post-3027","1":"product","2":"type-product","3":"status-publish","4":"has-post-thumbnail","6":"product_brand-chanel-de","7":"product_cat-handtasche","8":"pa_brand-chanel-de","9":"pa_chanel-models-timeless-classique-de","10":"pa_color-schwarz","11":"pa_material-leder","13":"first","14":"outofstock","15":"product-type-simple"},"_links":{"self":[{"href":"https:\/\/handbag-sense.com\/de\/wp-json\/wp\/v2\/product\/3027","targetHints":{"allow":["GET"]}}],"collection":[{"href":"https:\/\/handbag-sense.com\/de\/wp-json\/wp\/v2\/product"}],"about":[{"href":"https:\/\/handbag-sense.com\/de\/wp-json\/wp\/v2\/types\/product"}],"wp:featuredmedia":[{"embeddable":true,"href":"https:\/\/handbag-sense.com\/de\/wp-json\/wp\/v2\/media\/2967"}],"wp:attachment":[{"href":"https:\/\/handbag-sense.com\/de\/wp-json\/wp\/v2\/media?parent=3027"}],"wp:term":[{"taxonomy":"product_brand","embeddable":true,"href":"https:\/\/handbag-sense.com\/de\/wp-json\/wp\/v2\/product_brand?post=3027"},{"taxonomy":"product_cat","embeddable":true,"href":"https:\/\/handbag-sense.com\/de\/wp-json\/wp\/v2\/product_cat?post=3027"},{"taxonomy":"product_tag","embeddable":true,"href":"https:\/\/handbag-sense.com\/de\/wp-json\/wp\/v2\/product_tag?post=3027"}],"curies":[{"name":"wp","href":"https:\/\/api.w.org\/{rel}","templated":true}]}}

<div class="c-columns-m-1 c-columns-2 c-columns-gap-s">
<div><strong>Material:</strong> Lammleder<br />
<strong>Farbe:</strong> Schwarz<br />
<strong>Metallelemente:</strong> Matt-goldene Hardware<br />
<strong>Innenmaterial:</strong> Textilinnenfutter</div>
<div><strong>Grad:</strong> 2 <img decoding="async" class="info_box alignnone size-medium wp-image-885" title="Info" role="img" src="https://handbag-sense.com/wp-content/uploads/2023/05/info_icon.svg" alt="info box" width="15" height="15" /><br />
<strong>Produktionsjahr / Seriennummer:</strong> 2022-2023, beginnt mit U41…<br />
<strong>Größe:</strong> 19 x 14 x 7 cm</p>
<div></div>
<div><strong>Condition:</strong> Used</div>
</div>
</div>
<p><strong>Beinhaltet:</strong> Staubbeutel, Box</p>

<p><strong>CHANEL Square Mini Flap Pearl schwarz.</strong> Die Mini Square ist aus Lammleder, verfügt über einen gewebten Kettenriemen und ein CC-Schloss in matt-goldener Optik. Das Tascheninnere ist aus Leder und ist aufgeteilt in ein Hauptfach mit einem Reißverschlussfach. Am Taschenrücken befindet sich ein weiteres aufgesetztes Steckfach. Die kleine Flap Bag Handtasche kann über der Schulter, sowie Crossbody getragen werden. Eine komfortable und kompakte Handtasche, die Chanels klassisches Design verkörpert. Die <strong>Chanel Mini Flap Pearl</strong> Tasche ist neu, mit microchip. Die Tasche wird mit Staubbeutel und im Chanel Box geliefert.</p>
