{"id":15510,"date":"2024-10-07T17:23:16","date_gmt":"2024-10-07T15:23:16","guid":{"rendered":"https:\/\/handbag-sense.com\/?post_type=product&#038;p=15510"},"modified":"2025-05-06T11:54:45","modified_gmt":"2025-05-06T09:54:45","slug":"hermes-evelyne-16-clemence-schwarz","status":"publish","type":"product","link":"https:\/\/handbag-sense.com\/de\/produkt\/hermes-evelyne-16-clemence-schwarz\/","title":{"rendered":"Evelyne 16 Clemence Schwarz"},"content":{"rendered":"<div class=\"c-columns-m-1 c-columns-2 c-columns-gap-s\">\n<div><strong>Material:<\/strong> Leder Clemence<br \/>\n<strong>Farbe:<\/strong> Rouge H<br \/>\n<strong>Metallelemente:<\/strong> Gold Hardware<br \/>\n<strong>Innenmaterial:<\/strong> Naturleder<\/div>\n<div><strong>Grad: <\/strong> 1 <img decoding=\"async\" class=\"info_box alignnone size-medium wp-image-885\" title=\"Info\" role=\"img\" src=\"https:\/\/handbag-sense.com\/wp-content\/uploads\/2023\/05\/info_icon.svg\" alt=\"info box\" width=\"15\" height=\"15\" \/><br \/>\n<strong>Jahresstempel:<\/strong> 2024 \/ W<br \/>\n<strong>Gr\u00f6\u00dfe:<\/strong> 16 x 18 x 5 cm<br \/>\n<strong>Versand:<\/strong> Weltweit<\/div>\n<\/div>\n<p><strong>Enth\u00e4lt:<\/strong> Originalrechnung, Staubbeutel, Gurt, Box<\/p>\n","protected":false},"excerpt":{"rendered":"<p><strong>Herm\u00e8s Evelyne 16 Clemence Schwarz mit Gold Hardware.<\/strong> Diese stylische Mini Evelyne in der Farbe schwarz ist handgefertigt aus strukturiertem Taurillon Clemence Leder mit goldenen Beschl\u00e4gen. Die Tasche hat farblich abgestimmte N\u00e4hte, einen Kordelzug und ein perforiertes Herm\u00e8s H-Oval auf der Vorderseite. Die Tasche l\u00e4sst sich mit einem gekreuzten Riemen zu einer Innenseite aus Naturleder \u00f6ffnen. Sie ist mit einem abnehmbaren Schulter-\/Kreuzgurt aus Canvas und Leder in der Farbe Gold ausgestattet. Dies ist eine sch\u00f6ne Kuriertasche von Hermes, ideal f\u00fcr den t\u00e4glichen Bedarf! Die Tasche ist absolut neu.<\/p>\n","protected":false},"featured_media":18424,"template":"","meta":[],"product_brand":[2404],"product_cat":[350,351],"product_tag":[2344,2129,2161],"class_list":{"0":"post-15510","1":"product","2":"type-product","3":"status-publish","4":"has-post-thumbnail","6":"product_brand-hermes-de","7":"product_cat-schultertaschen","8":"product_cat-kleine-taschen","9":"product_tag-hermes-evely-schwarz","10":"product_tag-hermes-evelyne-16-de","11":"product_tag-hermes-evelyne-mini-de","12":"pa_brand-hermes-de","13":"pa_color-schwarz","14":"pa_grade-grad-1","15":"pa_hermes-models-evelyne-de","16":"pa_material-leder","18":"first","19":"outofstock","20":"shipping-taxable","21":"purchasable","22":"product-type-simple"},"_links":{"self":[{"href":"https:\/\/handbag-sense.com\/de\/wp-json\/wp\/v2\/product\/15510","targetHints":{"allow":["GET"]}}],"collection":[{"href":"https:\/\/handbag-sense.com\/de\/wp-json\/wp\/v2\/product"}],"about":[{"href":"https:\/\/handbag-sense.com\/de\/wp-json\/wp\/v2\/types\/product"}],"wp:featuredmedia":[{"embeddable":true,"href":"https:\/\/handbag-sense.com\/de\/wp-json\/wp\/v2\/media\/18424"}],"wp:attachment":[{"href":"https:\/\/handbag-sense.com\/de\/wp-json\/wp\/v2\/media?parent=15510"}],"wp:term":[{"taxonomy":"product_brand","embeddable":true,"href":"https:\/\/handbag-sense.com\/de\/wp-json\/wp\/v2\/product_brand?post=15510"},{"taxonomy":"product_cat","embeddable":true,"href":"https:\/\/handbag-sense.com\/de\/wp-json\/wp\/v2\/product_cat?post=15510"},{"taxonomy":"product_tag","embeddable":true,"href":"https:\/\/handbag-sense.com\/de\/wp-json\/wp\/v2\/product_tag?post=15510"}],"curies":[{"name":"wp","href":"https:\/\/api.w.org\/{rel}","templated":true}]}}

<div class="c-columns-m-1 c-columns-2 c-columns-gap-s">
<div><strong>Material:</strong> Leder Clemence<br />
<strong>Farbe:</strong> Rouge H<br />
<strong>Metallelemente:</strong> Gold Hardware<br />
<strong>Innenmaterial:</strong> Naturleder</div>
<div><strong>Grad: </strong> 1 <img decoding="async" class="info_box alignnone size-medium wp-image-885" title="Info" role="img" src="https://handbag-sense.com/wp-content/uploads/2023/05/info_icon.svg" alt="info box" width="15" height="15" /><br />
<strong>Jahresstempel:</strong> 2024 / W<br />
<strong>Größe:</strong> 16 x 18 x 5 cm<br />
<strong>Versand:</strong> Weltweit</div>
</div>
<p><strong>Enthält:</strong> Originalrechnung, Staubbeutel, Gurt, Box</p>

<p><strong>Hermès Evelyne 16 Clemence Schwarz mit Gold Hardware.</strong> Diese stylische Mini Evelyne in der Farbe schwarz ist handgefertigt aus strukturiertem Taurillon Clemence Leder mit goldenen Beschlägen. Die Tasche hat farblich abgestimmte Nähte, einen Kordelzug und ein perforiertes Hermès H-Oval auf der Vorderseite. Die Tasche lässt sich mit einem gekreuzten Riemen zu einer Innenseite aus Naturleder öffnen. Sie ist mit einem abnehmbaren Schulter-/Kreuzgurt aus Canvas und Leder in der Farbe Gold ausgestattet. Dies ist eine schöne Kuriertasche von Hermes, ideal für den täglichen Bedarf! Die Tasche ist absolut neu.</p>
